of d and 20?
20
Let n be (-49)/(-3) - (260/(-39) - -7). Calculate the highest common divisor of 16 and n.
16
Let r = 296 - 243. Calculate the greatest common factor of r and 3.
1
Suppose 2*j + 214 = 5*z, 3*z + j + 3*j - 118 = 0. Let g be (-550)/(-20) + (-1)/(-2). What is the greatest common divisor of g and z?
14
Suppose -5*x + 492 = 7*x. Suppose 3*f - x = -f - 5*s, 3*f - 2*s - 2 = 0. Suppose -w + 1 = -0. Calculate the highest common factor of f and w.
1
Suppose -10*b + 511 = -39. What is the highest common divisor of 35 and b?
5
Suppose 2*b - 3168 = -16*b. What is the highest common factor of 308 and b?
44
Let g(t) = 75*t - 119. Let b be g(12). Calculate the highest common divisor of 71 and b.
71
Let y be 97 - -2 - (-4 + 2). Let o = -62 + y. Let h be 795/20 - (-51)/(-68). What is the greatest common divisor of h and o?
39
Suppose 0 = -3*i + o + 188, 67 = 9*i - 8*i + 4*o. Calculate the greatest common divisor of i and 35.
7
Suppose 4*i + 656 - 1936 = 0. Suppose -37*m = -38*m + i. What is the greatest common factor of 64 and m?
64
Suppose -o = -5*o + 156. Let f be (-43)/(-3) - 13/o. Calculate the greatest common factor of f and 21.
7
Let c = -2 - -4. Suppose 4*w = -h + 5*h - 544, h + c*w = 136. Suppose -5*u - 51 = -8*u. Calculate the highest common factor of h and u.
17
Let m be ((-4)/(-4))/(3/15). Suppose -4*x - 1 = -m*x, -a - 2 = -4*x. Suppose 2*q + q - 23 = g, -11 = -q + a*g. What is the greatest common divisor of q and 49?
7
Suppose -15 = -5*g + 4*l, 0 = -g + 4*l + 3. Suppose 0 = -5*p - 7*i + 3*i + 213, 3*p - 126 = -g*i. Calculate the greatest common factor of p and 60.
15
Suppose -u = -9 - 29. Calculate the greatest common divisor of u and 95.
19
Let w be (-1 - (-2 - -4))*(-8)/6. Suppose -2*m - 1081 = -5*m + y, y - 1439 = -w*m. What is the greatest common factor of 60 and m?
60
Let x be (-21)/(-105) - (-12)/(-10). Let k be (132/(-22))/(1*x). What is the highest common divisor of 18 and k?
6
Suppose -6 = s - 21. Suppose 14*z - s = 9*z. Calculate the greatest common factor of 9 and z.
3
Suppose 650 + 46 = 4*c + 4*z, 0 = 5*c - 4*z - 852. What is the highest common factor of c and 129?
43
Let v = 252 - 239. What is the greatest common divisor of 2977 and v?
13
Suppose -30*v = -23*v - 119. Let r be (-2)/(-7) - 2614/(-14). What is the greatest common divisor of v and r?
17
Let u be (-12)/(-24)*(-402)/(-1). Let y = u + -111. What is the highest common factor of 60 and y?
30
Let s(c) = -10*c. Let o be s(-4). Suppose -15*u = -39 - 81. Calculate the highest common factor of o and u.
8
Let q = 23 - 118. Let n be (96/(-20) + 4)*q. Calculate the greatest common factor of n and 38.
38
Let p = -440 - -448. Let j be (-13 + -1)/(2/(-8)). What is the highest common divisor of j and p?
8
Let k(m) = 12*m - 72. Let l be k(6). Suppose l = -7*w - 9*w + 1232. Suppose -14 = -z - z. Calculate the greatest common factor of z and w.
7
Suppose 2*m - 18 = -m. Suppose t + 30 = -2*t. Let g = 13 + t. Calculate the highest common factor of g and m.
3
Suppose 7*a = a - 18. Let i be (-52)/78 - (0 + 116/a). What is the highest common factor of i and 19?
19
Let j(a) = 2*a**2 + 29*a + 53. Let h be j(-13). Let l(c) = c**3 + 6*c**2 - c - 4. Let i = 2 - 8. Let n be l(i). Calculate the highest common divisor of n and h.
2
Let h(o) = o**3 - o**2 - 3*o - 6. Let z be h(3). Let t = -5 - -8. Calculate the greatest common factor of t and z.
3
Suppose 0 = 23*f + 231 - 277. What is the greatest common factor of f and 43?
1
Suppose -2*k = 0, -3*c - 3*k + 28 = -20. Let t(a) = -a**3 - 23*a**2 - 32*a - 140. Let j be t(-22). What is the greatest common factor of j and c?
16
Let x = 1171 - -1274. Calculate the highest common divisor of x and 15.
15
Let t(n) = -n**2 + 14*n - 5. Let f be t(11). Suppose 1 = w + 21. Let p = w + f. What is the greatest common divisor of 2 and p?
2
Suppose 2*i + 2*w - 3976 = 0, -5*i + 2*w - w + 9964 = 0. Calculate the greatest common factor of 24 and i.
24
Let l = 10 - 3. Let d(q) be the second derivative of q**4/12 - q**3/2 + 7*q**2/2 - 2*q. Let s be d(3). What is the greatest common divisor of l and s?
7
Let j = 3 - -23. Suppose -3*u - d = d - 396, 0 = -5*d + 15. Calculate the highest common factor of u and j.
26
Suppose 2*u + 1161 - 1179 = 0. Let j = -4 + 8. Suppose -3*s - 8*o = -j*o - 92, -s - 4*o = -20. Calculate the greatest common divisor of s and u.
9
Let n(a) = 51*a + 14. Let h be n(1). Let u be 4 - ((4 - 3) + 1). Suppose -s + 4*s - 29 = u*v, 5*s - 60 = v. What is the greatest common divisor of h and s?
13
Let p(y) = -y + 15. Let g be p(10). Suppose -g*o + 62 + 48 = 0. Suppose -2*k + 18 = 5*j - o, -j - 5*k + 31 = 0. What is the highest common divisor of 24 and j?
6
Let q(l) = -7*l + 70. Let j be q(-24). What is the highest common divisor of j and 42?
14
Suppose -6*q = -3*q. Suppose q = 3*f + 42 + 42. Let t = -11 - f. What is the highest common divisor of t and 153?
17
Let n(g) = g**2 - 15*g + 9. Let v be n(16). Suppose 4*d = 4*s + 20, 5*d - s = -4 + v. What is the highest common factor of 36 and d?
4
Suppose o + 2*o - 75 = 0. Let k(c) = c**3 - 11*c**2 - 70*c + 155. Let t be k(15). Calculate the highest common divisor of o and t.
5
Suppose -4*b + 93 = -3*a, -2*b + 47 = a - 2*a. Suppose -17*c = -19*c + b. Calculate the greatest common factor of c and 4.
4
Let d(w) = -w**3 + w**2 + w - 1. Let z be d(-2). Let c be 133/(-21) + 1/3 - -24. What is the greatest common divisor of z and c?
9
Let u = 7 - 5. Suppose u*m = -5*z + 1102, -5*m + 1101 = 5*z - 4*m. Let b = 46 - 26. Calculate the greatest common divisor of b and z.
20
Let r = 603 + -593. Suppose -5*p - 15 = -2*p, -3*a - 1 = 2*p. Suppose l - 2*v + 1 = 0, l + 3*l - v = a. What is the highest common factor of l and r?
1
Let v = 421 + -417. Let b(y) = 4*y**3 + y**2. Suppose -2*d - 2 + 6 = 2*h, -h - 6 = -3*d. Let l be b(d). What is the highest common factor of v and l?
4
Suppose 69*u - 715 = 64*u. What is the greatest common divisor of u and 26?
13
Let r be 1410/150 + 4/(-10). Calculate the highest common divisor of 333 and r.
9
Suppose 4*c - 326 = -3*h + 9*c, 2*c + 224 = 2*h. Calculate the highest common divisor of h and 13.
13
Suppose 4 = 5*f - 3*f. Let x be (-6)/4 + 7/f. Let j(n) = -3*n - 16. Let g be j(-7). What is the highest common factor of x and g?
1
Let b(x) = -x**3 + 2*x**2 + 4*x. Let p be b(3). Let q be 168 - p*(-2)/(-6). Let n = q + -41. What is the highest common divisor of n and 18?
18
Let m(w) = -68*w**3 - 37*w**2 - 8*w - 7. Let s be m(-2). What is the highest common divisor of s and 75?
15
Let t = 297 - 165. Let d = t - 95. What is the highest common factor of 185 and d?
37
Let r = 213 + -332. Let u = r - -141. Let j(y) = 8*y**3 - 3*y**2 + 2*y - 1. Let q be j(2). Calculate the highest common factor of u and q.
11
Suppose h = 3*h - 3*m - 19, 3*h + 5*m = 38. Let p(a) = 17*a**2 - 2. Let c be p(2). What is the highest common divisor of c and h?
11
Suppose -2*m + 159 = -3*t, 2*t - 156 = -2*m + 4*t. Let s(g) = g**2 - 63*g + 840. Let p be s(18). What is the highest common divisor of m and p?
15
Suppose -6*m = -3*s - m + 291, 5*s = 2*m + 504. Suppose 6*l + 24 = s. Calculate the highest common divisor of 26 and l.
13
Let v = 50 - 16. Let f = 37 - v. Calculate the greatest common divisor of f and 6.
3
Let g be (-48)/10 + (-5)/25. Let w = g + 12. Suppose -3*r + w = -8. Calculate the highest common divisor of 10 and r.
5
Let h be -2 + 54 - (2 + -2). Suppose -h = -2*x + 60. Suppose -5*r + 3*b = -b - 27, 0 = -2*r + 3*b + 8. Calculate the greatest common divisor of x and r.
7
Let m(v) = -21*v + 96. Let g(u) = 31*u - 144. Let i(s) = -5*g(s) - 8*m(s). Let f be i(6). Calculate the greatest common factor of 240 and f.
30
Let l be 20/(-30)*(-1353)/2. What is the highest common factor of l and 11?
11
Suppose 5*p + 4*i = 28, 5*p - 4*i - 34 = 18. Let g(m) = 23*m + 12. Let d be g(p). Calculate the greatest common factor of d and 28.
28
Suppose -263 = -5*l - 2*v, -l + v + 32 = -22. Calculate the greatest common divisor of 53 and l.
53
Let f = 128 - 123. Let o(l) = 4*l + 8. Let g be o(f). What is the highest common divisor of 224 and g?
28
Let w = -10 + 19. Let z = -62 - -143. What is the greatest common factor of z and w?
9
Let t be (-18)/(-1) + (12 - 11). Suppose 1 + t = 3*v - 5*i, i - 42 = -4*v. What is the greatest c